e the highest common divisor of 4 and w.
4
Let p = 619 - 430. Calculate the highest common divisor of p and 27.
27
Suppose 46*a = 50*a - 240. What is the highest common divisor of 36 and a?
12
Let q = 0 - -4. Let u be (-14)/(-4) + (-6)/4. Let i be (20 - 10) + 1*u. Calculate the greatest common divisor of q and i.
4
Let m = 477 - 461. Calculate the highest common divisor of 144 and m.
16
Suppose -3*j = -4*c + 1472, 0 = c - 2*j - 334 - 34. What is the greatest common factor of c and 16?
16
Let x(c) = c - 23. Let w be x(0). Let n be (-2 - 1 - w) + 1. Suppose 0 = i - 4*i + n. What is the highest common divisor of 28 and i?
7
Let b(p) = 5*p**2 - 5*p. Let h be b(4). Suppose 2*r = -a + 16, -5*r + 81 - 11 = 5*a. Calculate the highest common divisor of h and a.
12
Let k be ((-7)/70 + 4683/30)/1. Calculate the highest common factor of k and 247.
13
Let r(g) = g**3 + g**2 - 6*g + 16. Let l be r(5). Calculate the greatest common factor of 170 and l.
34
Let b(v) = 2*v**2 + 26*v - 212. Let f be b(-20). What is the highest common divisor of f and 4?
4
Suppose 2764 = 5*d + 654. What is the greatest common factor of 2 and d?
2
Let o be 570/18 - (-1)/3. Let c(t) = t**2 + t - 14. Let z be c(-6). What is the highest common divisor of z and o?
16
Let c be (7 + -3 - 4) + (1 - 23). Let s = c + 77. Let p = -4 - -9. Calculate the greatest common divisor of p and s.
5
Suppose 5*c = -4*u - u + 10, u - 3*c = 10. Suppose -2*i - u*k - k = -453, 0 = 3*i - 4*k - 714. Calculate the highest common divisor of i and 26.
26
Suppose -4*s = 5*l - 4, 3*s - 3 = l - 2*l. Let d be 3/(6/8) - 2. Let h be d + (-2)/(-5) + (-380)/(-50). Calculate the highest common divisor of s and h.
1
Suppose k - 24 + 17 = 0. Calculate the greatest common divisor of k and 2.
1
Let i(w) = w**3 - 5*w**2 - 7*w + 5. Let b be i(6). Let u be (b - -3)*(425/(-10))/(-5). Calculate the greatest common divisor of u and 187.
17
Let w = -43 - 357. Let f be (-1)/(-3) + w/(-24). Let v(m) = 8*m**2 + 2*m - 2. Let q be v(2). Calculate the highest common factor of q and f.
17
Suppose 4*w = -0*w. Suppose w*v - v + 7 = 0. Suppose x - 4 = i, -1 + 3 = 2*x - 4*i. Calculate the highest common factor of x and v.
7
Let j(b) be the first derivative of 2*b**3 + 3*b**2/2 + 2. Let o be j(3). Let i = 0 + o. What is the highest common divisor of i and 42?
21
Let k = -762 - -770. What is the highest common factor of k and 112?
8
Let i(d) = 12*d**3 + d**2. Let q be 2 + (-4)/(-2 + 6). Let u be i(q). Calculate the greatest common divisor of 143 and u.
13
Suppose 5*s + 11*i - 885 = 6*i, 894 = 5*s + 2*i. Calculate the greatest common divisor of 340 and s.
20
Suppose 70 = -4*n + 9*n. Let h = 12 - n. Let p be ((-26)/(-3))/(h/(-3)). What is the greatest common factor of p and 91?
13
Suppose 0 = -4*b + 34*b - 1650. Calculate the greatest common divisor of b and 935.
55
Let g = -1420 + 1490. Calculate the greatest common factor of g and 280.
70
Let j(y) = 11*y - 16. Let w be j(17). Calculate the highest common factor of 114 and w.
57
Let x(g) = g**3 - 11*g**2 - 14*g + 28. Let r be x(12). Suppose 4*v + 49 = 2*n - 59, -r*n - 5*v + 229 = 0. What is the highest common divisor of 42 and n?
14
Let s(u) = -u - 26. Let h be s(-37). Calculate the greatest common divisor of 979 and h.
11
Let v = -18 + 97. Let l = v + -73. What is the greatest common divisor of l and 18?
6
Let n = 21 - -29. Let k = -8 + 10. Suppose s - 60 = -k*s. What is the greatest common factor of n and s?
10
Let g be (-252)/(115/(-20) - -5). What is the highest common divisor of g and 105?
21
Suppose 168 + 172 = 17*w. Calculate the highest common factor of w and 12.
4
Suppose 1239 = -7*z + 66*z. Calculate the greatest common factor of 651 and z.
21
Suppose -2*d = 5*r - 10*r - 3, -d = -4*r. Suppose -3*n + h + 11 + 47 = 0, 3*n - 62 = -h. Calculate the highest common factor of n and d.
4
Let m be (-5)/2*25*(-12)/6. Calculate the highest common factor of m and 100.
25
Let j = -1600 - -1740. Calculate the greatest common divisor of 665 and j.
35
Let a(n) = -4*n + 1. Let d = -14 - -13. Let x be a(d). Suppose t - 7*f - 41 = -2*f, 0 = 5*t - x*f - 125. Calculate the highest common divisor of t and 168.
21
Suppose 67*x - 66*x + 46 = 2*o, -16 = -o + 4*x. Let s = -64 + 100. Calculate the greatest common divisor of s and o.
12
Let i = -232 - -440. Calculate the greatest common factor of 156 and i.
52
Let v = 7 - 5. Suppose r - 3*r - v*w = -20, -w = 2. Let a be (-479)/(-5) - ((-12)/10 - -1). Calculate the greatest common divisor of a and r.
12
Let a(y) = -y**3 + 29*y**2 + 8*y - 58. Let l be a(29). Calculate the highest common factor of 58 and l.
58
Let w(z) = 1555*z - 1558*z + 9*z**2 + 1 + 0. Let k = 5 + -4. Let p be w(k). What is the highest common divisor of p and 1?
1
Let k be -1 + 0 + 45 + (0 - 4). Let d(b) = b**3 - 2*b**2 + 2*b + 2. Let w be d(2). Let m be (-27)/w*80/(-6). Calculate the highest common factor of m and k.
20
Let a = 147 - 128. Suppose a*t - 21*t = -8. What is the highest common divisor of 64 and t?
4
Let m(g) = 18*g + g**3 - 16*g - 2*g**3 - 20 - 2*g**2 - 5*g**2. Let l be m(-8). Calculate the greatest common factor of l and 224.
28
Let u be 2/(-5) - (-4)/10. Suppose 6*s - 3*s - 720 = u. Suppose -2*h - 2*h = -s. Calculate the greatest common factor of 24 and h.
12
Suppose s + 4 - 2 = 0, 2*s = -3*n + 251. What is the greatest common divisor of n and 136?
17
Let x be (-2)/7 + (-1980)/(-315). What is the greatest common factor of x and 20?
2
Suppose -c = 2, 5*u - 3*c - 54 = -6*c. Suppose 0 = 5*g - 4*l - 72, -7*g - 4*l = -2*g - 48. What is the greatest common divisor of g and u?
12
Let h = -16 - -119. Suppose -j + 4*j - 2*f = h, -5*f = 10. Suppose 0 = -z - 4*z + 55. What is the highest common factor of z and j?
11
Suppose -5*p - 26 = 4*o, -3*p + 4*p + 10 = -2*o. Let t be 3/(-6)*o + -44. Let a = -24 - t. What is the highest common divisor of 6 and a?
6
Let l be (8772/85)/((-2)/(-15)). Calculate the highest common divisor of 18 and l.
18
Let w be ((-5)/2)/((2/4)/(-1)). What is the greatest common divisor of w and 5?
5
Suppose 2*p = 3*l + 57, 5*l - 173 = -5*p + 32. Suppose 2*i + 72 = 6*i. What is the greatest common factor of p and i?
18
Suppose -5*v - 15 = -8*v. Suppose -5*p + 66 = -2*l + 5*l, -5*p = -v*l - 90. Calculate the greatest common divisor of p and 15.
15
Let g be (6/4)/(3/144). Let x = 954 - 945. What is the greatest common factor of g and x?
9
Let y(q) = q**3 - 10*q**2 - 14*q + 29. Let o be y(12). Suppose 2*v + f - 310 = 0, o = v - f - 0*f. Calculate the greatest common factor of 17 and v.
17
Suppose -2*c + 11 = j, -7*j = c - 3*j - 16. Let o(v) = -3*v**3 + v**2 + 11*v + 11. Let x be o(-1). What is the greatest common factor of c and x?
4
Suppose -r + 530 = 4*r. Suppose 13 = 3*p + r. Let i = 42 + p. What is the highest common divisor of 11 and i?
11
Let a(p) = p**2 + 23*p + 26. Let n be a(-24). Calculate the highest common factor of n and 20.
10
Let r(b) = 3*b**3 - 5*b**2 + 11*b + 5. Let p be r(5). Calculate the highest common divisor of p and 10.
10
Suppose 0*p + 4*p = 5*w - 209, 106 = 2*w + 4*p. Suppose v = 2*v - w. Let j = 499 - 494. What is the highest common divisor of v and j?
5
Let h = 242 - 214. What is the greatest common divisor of h and 112?
28
Suppose 0 = -3*x + 3*z - 58 + 208, 2*x + 4*z - 100 = 0. Let h = -134 - -274. Let v = h - 65. Calculate the highest common factor of v and x.
25
Let w = -1303 + 1411. What is the highest common divisor of 135 and w?
27
Let z(n) = -402*n**3 - n**2 - 4*n - 2. Let s be z(-1). Calculate the highest common factor of 31 and s.
31
Suppose -10 - 2 - 73 = -5*f. Let p = -28 + 215. What is the greatest common divisor of f and p?
17
Suppose d + 232 = 4*r + 3*d, 51 = r - 3*d. Suppose -3*v + 3 = -r. Suppose -16 = -4*i + 24. Calculate the greatest common factor of i and v.
10
Let o(z) = -3 - 1 + 2*z - 3. Let t = 10 - 4. Let r be o(t). Calculate the greatest common factor of 20 and r.
5
Let f be 35/10*40/7. Let h = -7 + f. Calculate the greatest common divisor of 117 and h.
13
Let v be ((-6)/3 + 4)*5. Suppose 3*q + 2*q + 10 = 0, 5*q + 63 = f. Suppose 3*d = -2*a + f, d - 80 - 21 = -4*a. What is the greatest common factor of a and v?
5
Let o be (-8)/(-5)*(-70)/(-4). Let l(w) = -2*w + 22. Let u be l(9). Suppose 2*j - u = j. What is the greatest